+ 4 = 0. Suppose -4*i + 85 = 3*q + 12, -z*i + 59 = -3*q. Calculate the remainder when i is divided by 6.
4
Let x = -21 + 43. Suppose 4*v = -h + x, h = 3*h + 5*v - 29. What is the remainder when 23 is divided by (2 - h) + 3*4?
11
Suppose p + 44 = 2*o + 13, -2*o - 5*p + 61 = 0. Let u = -47 - -99. Calculate the remainder when u is divided by o.
16
Suppose 4*z - 148 = -5*a - 0*a, -z + 26 = 4*a. What is the remainder when 164 is divided by z?
38
Suppose -2*u - 3*y + 39 = -6*u, -5*y = 3*u - 7. Let f(s) = -s**3 - 7*s**2 - 8*s. Calculate the remainder when 21 is divided by f(u).
9
Let k(c) = c**2 - c. Let d(l) = -2*l**2 - 4*l + 1. Let o(w) = d(w) + 3*k(w). What is the remainder when (-52)/3*3/(-2) is divided by o(8)?
8
Suppose 5*m - 1334 = -384. Let q = -125 + m. Suppose -c - 3*c = n - q, -4*c + 63 = -n. What is the remainder when 29 is divided by c?
13
Let a(r) = r**2. Let q(m) = 3*m**2 + m - 66. Let n(t) = 2*a(t) - q(t). What is the remainder when n(0) is divided by 17?
15
Let v(f) be the third derivative of f**5/10 - f**4/12 - f**3/2 - 3*f**2. Let m(r) = 4*r**2. Calculate the remainder when v(3) is divided by m(2).
13
Let k(c) = c + 5. Suppose -3*h = -6*h - 12. Calculate the remainder when k(6) is divided by 1 + h/(4/(-3)).
3
Calculate the remainder when (-413)/(-14)*(-2 + 8) is divided by 30.
27
Let y be (18/(-15) + -2)*-5. Suppose u + 3*m = y + 12, 4*u - 27 = 5*m. Calculate the remainder when 38 is divided by u.
12
Let m(g) be the first derivative of 8*g**3/3 + 2*g**2 + 4*g - 1. Let t be m(-3). Suppose -t - 40 = -4*y. What is the remainder when y is divided by 9?
8
Let i(s) = 4*s**2 - 1. Let l be i(-1). Suppose 18 + 20 = -j. What is the remainder when j*l/4*-2 is divided by 15?
12
Let z be 99/(-15)*(-10)/2. Suppose -h = -5 - z. Calculate the remainder when h is divided by 13.
12
Suppose -4 = -2*b - 2*b. Let c(a) = -7*a**2. Let s be c(b). What is the remainder when 20 is divided by (-1)/(3/3)*s?
6
Suppose 315 = 2*v + 3*v. What is the remainder when v is divided by (-1 - (-4 + 1)) + 14?
15
Let j be ((-27)/12)/((-2)/8). Let f = 32 - j. Calculate the remainder when 45 is divided by f.
22
Let b be (-30)/2*4/10. Let k = 26 - 27. Let w = k - b. What is the remainder when w is divided by 3?
2
Let z(o) = 17*o**2 + o + 1. Let d = 0 - 1. Let u(w) = w**3 + w**2 - w + 6. Calculate the remainder when z(d) is divided by u(0).
5
Let y = -11 + 17. Calculate the remainder when (-95)/(-5) - (-4)/2 is divided by y.
3
Let i(l) = 2*l**3 + 4*l**2 - 3*l - 3. Let n(b) = b**3 + 3*b**2 - 3*b - 3. Let c(s) = -2*i(s) + 3*n(s). Calculate the remainder when 27 is divided by c(-2).
12
Suppose 3*p = -5*b + 67, 2 - 17 = -3*b. What is the remainder when 24 is divided by p?
10
Let j(n) = 12*n**3 - n**2 + n + 1. Let d be j(-1). Let s = d + 23. Let p(c) = -c**2 + 28. Calculate the remainder when p(0) is divided by s.
8
Suppose a - 4*x - 11 = 0, -4 = 3*x + 2. Suppose 4*g - 124 = b, g + 2*b + 56 = a*g. What is the remainder when g is divided by 17?
15
Calculate the remainder when (-2)/(-2) - 1 - (-1 + -39) is divided by 21.
19
Suppose -4*n - h = 4*h - 13, n + 2 = 4*h. Suppose -31 = -n*j + g, -3*j + 42 = g - 4*g. Let t = -2 + 35. What is the remainder when t is divided by j?
16
Suppose -2*j + 63 = 3*d, -3*j + d + 24 = -2*j. What is the remainder when j is divided by 14?
13
Suppose -5*z + 6 = -29. Calculate the remainder when z is divided by 2 - (-8)/(-5) - 117/(-45).
1
Let u = -12 + 17. Suppose u*j + 10 = 6*j. What is the remainder when 5 is divided by (j/25)/((-2)/(-20))?
1
Let r = 26 + -40. Suppose -36 = -j + 2*z, -j - 3*z + 2*z = -33. Let f = r + j. Calculate the remainder when f is divided by 11.
9
Suppose -23 = -4*a - 5*j + 84, -3*a = j - 94. Suppose 27 = 2*i + i. What is the remainder when a is divided by i?
6
Let r = -189 + 120. Let v = r + 118. What is the remainder when v is divided by 25?
24
Calculate the remainder when 45 is divided by 6/(-8) - (-412)/16.
20
Suppose -t - 3*t = -12. Suppose -3*h + 6 = -t. Suppose -8*d + h*d = -10. What is the remainder when d is divided by 2?
0
Suppose j = 2*j + 2. Let s be ((-1)/j)/(3/72). Suppose 3*l + 10 = -5*d + 90, -s = d - 5*l. Calculate the remainder when 38 is divided by d.
12
Let a be (1 - 0)/(2/10). Suppose -a*j + 3*j + 10 = 0. Let u = -9 + 11. What is the remainder when j is divided by u?
1
Let n(p) = p**2 - p + 2. Let v be n(0). Let s be -1*(2 - v - 7). What is the remainder when 4 is divided by s + -4 - (0 + 1)?
0
Suppose 0 = -4*r + 47 - 3. Calculate the remainder when 18 is divided by r.
7
Let u(t) = -t. Calculate the remainder when 8 is divided by u(-6).
2
Let r(s) = s**2 + 2*s - 1. Let g be r(1). Suppose 0 = -g*o - o + 21. What is the remainder when ((-39)/6)/((-2)/4) is divided by o?
6
Let y(u) = -u**2 - 10*u - 4. What is the remainder when 74 is divided by y(-5)?
11
Suppose 2*l - 75 = 75. What is the remainder when l is divided by 26?
23
Suppose v - 6*v + 20 = 0. Let s be 1 + 4/(1 + -2). Calculate the remainder when 2/s + (-40)/(-6) is divided by v.
2
Suppose 0 = -2*w + u + 3, -2*w + 5*u + 2 = 11. Suppose -b - 38 = -w*b. What is the remainder when b is divided by 8 - ((1 - -2) + -2)?
5
Suppose -5*h = 43 - 173. Suppose -34 = -3*z + h. Suppose -y + 19 = -4*f, 3*f = 5*y + 6*f - 210. Calculate the remainder when y is divided by z.
19
Let y(n) = -n**2 - 10*n - 8. What is the remainder when 36 is divided by y(-3)?
10
Let x(i) = 8*i - 1. Let d(v) = -3*v**2 + 3*v - 3. Let b be d(2). Let p = b - -29. Calculate the remainder when p is divided by x(1).
6
Suppose 2*a + 2 = -10. Let c(k) = -k**2 - 8*k - 10. Suppose 0 = 2*u + 5*h - 12, -u + 3*h - 3 = h. Calculate the remainder when c(a) is divided by u.
0
Let o be (-5)/1*(-4)/10. Suppose -2*i - 1 = -7, o*y + 3*i = 133. What is the remainder when y is divided by ((-63)/(-6))/((-1)/(-2))?
20
Suppose 0 = -y + 5*s, -2*s = -4*y + 6 - 42. What is the remainder when (y/(-8))/(1/4) is divided by 2?
1
Suppose 0 = -0*p + 4*p - 12. Suppose s - 141 = -5*w, 0*w + s - 85 = -p*w. Calculate the remainder when w is divided by 27/((-3159)/260)*18/(-4).
8
Let p(i) = 2*i**2 + 13*i + 12. Calculate the remainder when 143 is divided by p(-8).
35
What is the remainder when -452*(1 + 15/(-10)) is divided by 19?
17
Suppose -3*k - 33 = -w, -4*k - 121 = -5*w - 0*k. What is the remainder when (-93)/(-2)*12/9 is divided by w?
20
Suppose 15 = y + 4*y. Suppose -2*k - y*k + 255 = -5*b, k - 71 = -3*b. Suppose a - 4 = -0*g + 5*g, 2*g = 4*a - 70. What is the remainder when k is divided by a?
18
Suppose 3*i = 6, -2*t + 2 = t - 5*i. Suppose s - 4 = 0, t*c + s = 22 + 22. Calculate the remainder when 18 is divided by c.
8
Let w(n) = n**3 - 6*n**2 + 4*n + 7. Let y be w(5). Suppose y*u = u + 11. Calculate the remainder when u is divided by 4.
3
Let g = -70 - -81. What is the remainder when 30 is divided by g?
8
Let h = 24 - 23. Let j = 0 + -1. Let m = 3 + j. Calculate the remainder when m is divided by h.
0
Suppose 4*h = -4*q + 20, -h - 5 - 2 = -2*q. Let v = h - -5. What is the remainder when v is divided by 4?
2
Let l = 8 - 13. Let m(f) = f**2 + 2*f + 4. Calculate the remainder when m(l) is divided by 11.
8
What is the remainder when 139 is divided by -1*3*1*(-70)/6?
34
What is the remainder when -2*1/((-2)/101) is divided by (0/(-1))/1 - (-30 + 4)?
23
Let p be -2 + 2 - (1 + 0). Calculate the remainder when 23 is divided by 1 + p + (3 - -3).
5
Let r(w) = 10*w - 2. Let t(n) = -11*n + 2. Let c(g) = 5*r(g) + 4*t(g). What is the remainder when 19 is divided by c(2)?
9
Suppose 9*d + 1 = -2*u + 4*d, 3*d = -u - 1. Suppose -h - 1 + 3 = 0. What is the remainder when h is divided by u?
0
Let h be 6/15 + (-36)/(-10). Suppose -h*t = 2*p - 14 - 82, -5*t = -2*p - 111. Calculate the remainder when 43 is divided by t.
20
Let n(b) = 3 + 13*b**2 - 3. Let p(l) = -l**3 + 5*l**2 + 6*l - 2. What is the remainder when p(4) is divided by n(-1)?
12
Let z(c) = -8*c**2 + c. Let r be z(1). Let q = -5 - r. Suppose -3*v - 41 = -q*s, 5*s = 4*s + v + 18. What is the remainder when s is divided by 5?
3
What is the remainder when 32 is divided by ((-4)/6)/(4/(-54))?
5
Suppose -2*x + x = -13. What is the remainder when 35 is divided by x?
9
Suppose -2*c + 2 = -8. Suppose -c*i - 3*b = -212, -i + 48 = -3*b + 5*b. What is the remainder when i is divided by (-7)/